r of 112 and n.
28
Let m(a) = 2*a**3 - a**2. Let y be m(2). Suppose -57 = -2*s + 39. What is the highest common divisor of y and s?
12
Let a(n) = -n**3 - n**2 + 2*n + 5. Suppose 0 = -0*c + c. Let o be a(c). Calculate the greatest common divisor of 20 and o.
5
Suppose -i + 39 = -0*i. Let s(d) = 14*d**2 + d + 1. Let g be s(-1). Let x = 27 - g. Calculate the greatest common divisor of i and x.
13
Suppose -l - p + 77 = l, 4*p - 56 = -l. Suppose -b = b - l. What is the greatest common divisor of 9 and b?
9
Let x be 2 - 4/1 - -18. Suppose 2125 = 3*j + 2*j. Let g = j - 249. Calculate the greatest common factor of g and x.
16
Suppose a = 3*a - 42. What is the greatest common divisor of a and 7?
7
Let n be (15/(-6)*-10)/1. What is the highest common factor of 100 and n?
25
Let r(f) = 6*f - 5. Let k be r(7). Suppose 0 = g - 4*g + 12. Suppose -5 = g*j - k. What is the highest common factor of 56 and j?
8
Let g(s) = s**3 + s**2 + s - 1. Let y be g(1). Suppose 378 = y*w + 5*h, 0*w + 2*w - 4*h = 378. What is the greatest common divisor of w and 21?
21
Suppose c - v = 125, 0*c - c - v + 115 = 0. What is the greatest common factor of 40 and c?
40
Let z be -2 - (2 - (8 + -3)). Suppose 0*l - z = -l. What is the highest common factor of l and 11?
1
Let r = -4 - -6. Suppose -2*j + 74 = 4*q, 4*q - 58 = q - r*j. Suppose -s - 5*d = -q, 2*s - s - 16 = -4*d. What is the greatest common factor of 16 and s?
16
Suppose 4*n - 362 = -2*x, 2 = 2*n + 10. Calculate the highest common divisor of x and 21.
21
Let v = -11 - -2. Let x(u) = -u**3 - 10*u**2 - 8*u + 5. Let a be x(v). Let s be ((-20)/6)/(a/6). What is the greatest common divisor of s and 10?
5
Let q(s) = -9*s. Suppose 3*y + y + 4 = 0. Let a be q(y). Calculate the highest common divisor of a and 9.
9
Let l = 17 - 7. Suppose -5*i - l = -10*i. Suppose i*d - 289 + 55 = 0. Calculate the highest common factor of d and 13.
13
Let y be ((-4)/(-3))/(12/450). Calculate the greatest common divisor of y and 10.
10
Let v = -129 + 239. What is the greatest common factor of 10 and v?
10
Suppose 5*a - 54 = 2*c, -c - 2*c + 2*a - 70 = 0. Let n = 36 + c. What is the greatest common divisor of n and 7?
7
Let s = 0 - -14. What is the greatest common divisor of 98 and s?
14
Let g = -16 + 18. Suppose -4*h + 0*q = -2*q, g*q = h + 3. What is the greatest common divisor of 2 and h?
1
Let a = -35 + 101. Suppose -2*j + 18 - 6 = -n, -5*n = -3*j + 4. Suppose -5*y + 38 - j = 0. Calculate the greatest common divisor of y and a.
6
Suppose 1 = 4*f - 15. Let g(l) = -l**3 + 4*l**2 + 4*l - 11. Let z be g(5). Let x = 22 + z. What is the highest common divisor of f and x?
2
Let j = -17 + 17. Suppose 0 = -4*u - j*u + 16. What is the greatest common factor of u and 10?
2
Let n = 24 - -15. Let b(g) = -g**2 - 13*g - 16. Let a be b(-6). Calculate the highest common divisor of a and n.
13
Let l(z) = -z**3 - 9*z**2 + 10*z + 22. Let h be l(-10). What is the greatest common factor of h and 242?
22
Suppose -4*i = w - 25, 0 = -2*w - 4*i + 2*i + 38. Calculate the greatest common factor of 68 and w.
17
Suppose -5 = -2*i + 1. Suppose 54 = 4*l - 2*z + z, -l + 20 = i*z. Calculate the greatest common divisor of l and 28.
14
Suppose 31 = -2*r + 91. Let g = -18 + r. What is the greatest common factor of g and 60?
12
Let b = 4 - 2. Let c be (6/(-4) - b)*-2. Calculate the highest common factor of 77 and c.
7
Suppose j = 2*x - 3, 2*j - 1 = -x + 3. Let f be 7/1 - 1/1. What is the highest common divisor of x and f?
2
Let k = -106 + 148. Let c = 7 + k. Calculate the highest common divisor of c and 7.
7
Suppose -120 = -4*j + 4*k + 4, 4*k = -j + 51. What is the greatest common factor of j and 21?
7
Let g = -3 - -21. Suppose 0*q = 3*q - 18. Calculate the greatest common factor of g and q.
6
Suppose -2 = -q + 1. Suppose 0 = -t - 0*t + 7. Suppose q*j = 2*j + t. Calculate the highest common factor of j and 28.
7
Let r be 1 + (-327)/(-6) - 2/4. Calculate the greatest common factor of 220 and r.
55
Suppose -b - 4*n - 131 = -2*b, 3*b = -5*n + 342. Suppose 3*s - b - 16 = 0. What is the greatest common factor of 5 and s?
5
Let y be ((-156)/65)/((-4)/(-30)). Let z = -13 - y. What is the highest common factor of z and 45?
5
Let y be 20*(16/5)/2. Suppose -2*s - s + 24 = 0. Calculate the highest common divisor of s and y.
8
Let o be 2 + 3/(3/4). Suppose -4*v - 36 = -4*x, -2*x - v - 3 + o = 0. Let b be ((-2)/x)/(-1)*72. Calculate the greatest common divisor of b and 90.
18
Suppose -3*f + 3*m + 18 = 0, -4*f + 4*m + m + 20 = 0. Suppose 0 = -5*b - 3*h + 453, -h = 5*b + 4*h - 455. What is the highest common factor of b and f?
10
Suppose 0 = -p - 5*z + 35, -2*z + 15 = p - z. Calculate the greatest common factor of 5 and p.
5
Let o = 12 + -6. Let s(w) = -w**3 + 5*w**2 + 7*w + 2. Let c be s(o). Calculate the highest common factor of c and 16.
8
Suppose t + 4 = 0, -20 = 2*f + 2*t - 8. Let i be (12/(-15))/(f/25). What is the greatest common divisor of i and 40?
10
Suppose 11*t - 8*t = -696. Let j = 20 - t. Calculate the highest common divisor of j and 28.
28
Let k be 13 + (4 - 0/1). What is the highest common divisor of k and 119?
17
Let w be ((-30)/(-4))/(9/12) - -1. Let i = -180 + 102. Let r = i - -199. Calculate the greatest common divisor of r and w.
11
Let v(r) = r**3 - 5*r**2 - 8*r. Let o be v(6). Let u be 55/6 + 2/o. Calculate the greatest common factor of u and 36.
9
Suppose 0 = -7*k + 3*k + 140. Let y be (-72)/(-5) - 2/5. Calculate the highest common divisor of k and y.
7
Suppose -x = -v - 1, -3*x + 10 = -x. Let b(p) = -v*p + 8 + p + 4*p. Let m be b(-7). What is the highest common factor of m and 3?
1
Let v = 58 + -37. Let j = v + -14. Let b(n) = -n**3 + 8*n**2 + 3*n + 1. Let d be b(4). What is the greatest common divisor of j and d?
7
Suppose -5*i - 332 = -992. Suppose 0 = y - i + 33. What is the highest common factor of y and 11?
11
Let u(n) = -n + 26. Let m be u(12). Calculate the greatest common factor of m and 42.
14
Let h be -5 + 3 + 180/2. Let p(l) = 21*l**3 + 2*l**2 - 1. Let s be p(1). What is the highest common factor of s and h?
22
Let g(p) = p**2 - 4*p - 1. Let m = 13 + -6. Let s be g(m). What is the greatest common factor of 8 and s?
4
Suppose -5*t - 6 = x, 0*t - 10 = -4*x - 3*t. Suppose x*i - 80 = -16. Suppose -2*b + 0 = -i. Calculate the greatest common factor of b and 56.
8
Let d(g) = g**2 - 7*g + 18. Let c be d(4). What is the greatest common factor of c and 3?
3
Let f(b) = b - 7. Let g be f(4). Let v be 7*-11*(g + 2). What is the highest common divisor of v and 7?
7
Suppose 0 = o - 2*o + 5. What is the highest common factor of 35 and o?
5
Let a = -12 + 14. What is the highest common divisor of a and 18?
2
Let v be (48/(-10))/(38/(-1045)). What is the greatest common divisor of v and 33?
33
Suppose 0 = 3*m + 2*n - 669, -8*m + 1122 = -3*m + n. What is the highest common factor of m and 25?
25
Let t be -1*-5*(1 - 0). Suppose 2*n + t*p = 25, 4*p - 6 = -2. Let a(h) = h**3 - 4*h**2 + h. Let r be a(5). Calculate the greatest common factor of n and r.
10
Let l be ((-2)/(-4))/((-2)/(-8)). Let d be 23/l*2 + -3. Let w = -12 + d. What is the greatest common factor of w and 40?
8
Suppose 9 = 3*l - k - 2, 3*k = -6. Let a = 7 - l. Suppose -c = a*c - 45. What is the greatest common divisor of c and 18?
9
Let x = -134 + 146. What is the highest common factor of 348 and x?
12
Let a be ((-56)/10)/((-11)/165). What is the highest common factor of 12 and a?
12
Let k(s) = -s - 7. Let c be k(0). Let q be (-72)/c*28/2. Calculate the greatest common divisor of 16 and q.
16
Let b(t) = t**3 - 7*t**2 + 9*t - 2. Let k be b(7). Let s = k - 21. What is the highest common factor of 16 and s?
8
Let b(k) = k**2 + k. Let d be b(-1). Suppose -4 = -4*w - d. Let f be 3 + (w - -2) + 16. What is the highest common divisor of 33 and f?
11
Let n = 2 - -1. Suppose -5*i - 33 = -8, n*m - 5 = -2*i. Suppose a + m = 14. What is the greatest common divisor of a and 99?
9
Let z be 8/2 - (26 + -1). Let g = -13 - z. Calculate the highest common factor of g and 56.
8
Let n = -2 + 8. Suppose 77 = 4*m - 5*v, 2*m + n*v = 2*v + 58. Let g = -11 + m. Calculate the highest common divisor of g and 36.
12
Let j be ((-21)/(-6) + -3)*2. Let r = j + 3. Calculate the greatest common factor of 2 and r.
2
Let l = 195 + -111. What is the hig